*m + y, -3*r = -x*m - 43 - 18. What are the prime factors of r?
17
List the prime factors of 5 - ((2 - -1) + -126).
2
Let f = -5 - -9. Suppose 0 = -2*l + 6, -f*j + 160 = -0*l + 4*l. List the prime factors of j.
37
Let v(b) = -b**2 - b + 2. Let o be v(0). Let i = 14 - o. List the prime factors of i.
2, 3
Let s be (12/(-16))/((-3)/12). List the prime factors of -12*(-1 + s/9).
2
Suppose 16*v - 2285 + 461 = 0. What are the prime factors of v?
2, 3, 19
Suppose 2*u = z + 148, -376 = 4*u - 9*u + z. List the prime factors of u.
2, 19
Let u(t) = t - 3. Let s be u(5). Let n be 4/((-4 + s)/(-2)). Suppose -y = n*y - 30. List the prime factors of y.
2, 3
Let h(w) = -w**3 - 11*w**2 + 12*w + 13. Let y(m) = -m**3 - 5*m**2 + 2*m - 2. Let d be y(-5). What are the prime factors of h(d)?
13
Let v be -2 - 3*16/3. Let j = v - -30. List the prime factors of j.
2, 3
Let u(o) = -o + 8. Let m be u(6). Suppose c = 2*c - m. Suppose 3*a - c - 28 = 0. List the prime factors of a.
2, 5
Let x be (-1)/2 + 89/2. Let s = -21 + x. What are the prime factors of s?
23
Let d(g) = 2*g - 1. Let w be d(1). Let j(v) be the first derivative of v**4/4 + v**3/3 + v**2/2 - v + 2. List the prime factors of j(w).
2
Let p(y) = y**2 + 13*y + 9. Let g be p(-11). Let w = 6 - g. List the prime factors of w.
19
Suppose 3*u - 5*u = 4. What are the prime factors of u + 5 + (-34)/(-2)?
2, 5
Suppose 7 = 3*n - 2. Suppose 3*q - 74 + 17 = 0. Suppose n*f + 1 = q. List the prime factors of f.
2, 3
List the prime factors of 4 - (17 - 5)*-29.
2, 11
Let y(a) = a**3 + 6*a**2 - 4. Let c be y(-6). Let f = c - -6. What are the prime factors of f?
2
Suppose 0 = 2*z - 7*z + 25. Suppose z*r - 106 = -5*v + 3*r, -4*v + 92 = -2*r. List the prime factors of v.
2, 11
Let l(f) = -6*f + 3. Let v be l(0). Let d(h) = 4*h**2 + 4 - h**2 - 3*h - 2*h**2. List the prime factors of d(v).
2
Let q(o) = -3*o - 19. Let j be q(-8). Let z(x) = 2*x**2 - 8*x + 11. List the prime factors of z(j).
3, 7
Let q be (4 - 1) + (-16)/2. Let u be (6/5)/(1/q). What are the prime factors of (-2)/u + 96/9?
11
Let y(x) = 3*x**2 + 2*x. Let p be (-18)/12*4/3. List the prime factors of y(p).
2
Suppose -m + 4 = x + 1, m = 2*x - 6. Let r = 6 + -4. Suppose n = -5*u + 38, x*u + r*u - 3*n - 46 = 0. List the prime factors of u.
2
List the prime factors of (0 - 0)/3 + 3.
3
Suppose 6*z = 2*z - 4*k + 56, 0 = 4*z - 2*k - 56. List the prime factors of z.
2, 7
Let k = -20 + 22. What are the prime factors of k?
2
List the prime factors of -4*(-4)/(-1)*(-6 + 4).
2
Let y = 16 + -6. Let j = y + 5. List the prime factors of j.
3, 5
Suppose -3*b - m = -2*m - 44, -3*b = 5*m - 68. Suppose 0 = 3*y + 5*g - 32, 3*g = 4*y - y. Suppose y*s - b = 8. List the prime factors of s.
2, 3
Let k(n) = 11*n - 7. List the prime factors of k(5).
2, 3
Suppose -4*u - 3*m = -2*u + 4, 3*u - 16 = m. Suppose -38 = -q - 2*h + 5, u*q - h - 127 = 0. List the prime factors of q.
3, 11
Let p = -448 + 727. What are the prime factors of p?
3, 31
Suppose -2*h = -60 + 6. Suppose 2*o = 13 + h. Suppose 12 = -0*g + 2*g + d, 0 = 3*g + d - o. What are the prime factors of g?
2
Let k(f) = 121*f + 1. List the prime factors of k(1).
2, 61
Suppose -3*c = -6*c + 231. List the prime factors of c.
7, 11
Let g = -8 + 12. Let k(j) = 1 + 3*j + 0*j - g. What are the prime factors of k(4)?
3
Let v(i) = -i**2 - 7*i - 11. Let l be v(-6). Let c(f) = -f**3 - 6*f**2 - 9*f + 7. List the prime factors of c(l).
3
Let r = 8 + -3. Suppose -r = 3*d + 5*a, 2*a - 3 + 5 = 2*d. Suppose -2*n = -d*n - 14. What are the prime factors of n?
7
Let q be 5 + -6*(-3)/(-6). Suppose 0 = 3*k + q*y - 44, -2*k = -0*k + 5*y - 33. What are the prime factors of k?
2, 7
Let x(i) = -i**2 + 3. Let f be x(-3). Let c be (-1)/(39/(-36) - -1). Let z = f + c. What are the prime factors of z?
2, 3
Let h(c) be the second derivative of c**5/4 + c**4/6 - c**2/2 - c. Let k be h(-1). Let w = k + 12. List the prime factors of w.
2
Let o(x) = x**3 + x**2 - x - 1. Let w be o(-1). Let n = 49 - w. List the prime factors of n.
7
List the prime factors of 0 - -1 - (-10 - 226).
3, 79
Let z be 36/(-3)*1/(-2). Suppose l + 3*r + 19 = 0, l + 5*r = z*l - 5. Let v = 16 + l. What are the prime factors of v?
2, 3
Let j = 29 + -18. Let y = 19 - j. What are the prime factors of y?
2
Suppose 0 = 3*i + q - 120, -q - 3*q - 144 = -4*i. Let u = i + -22. Suppose -4*d = 5*b - 43, d - 5 + u = 2*b. What are the prime factors of b?
7
Suppose -2*q = 4*h - 32, -8*q + 3*q + 4*h = -10. Let b be (-3)/(-2)*(-16)/q. What are the prime factors of (-30)/b + (-5)/10?
7
Let w(s) be the third derivative of s**4/12 + s**3/3 - s**2. List the prime factors of w(14).
2, 3, 5
Suppose 4*j = 5*j. Suppose j = -3*p - 0*p. Suppose t - 15 + 3 = p. List the prime factors of t.
2, 3
What are the prime factors of 1*(0 + 2 - -259)?
3, 29
Suppose -2*w = -4*t + 330, -t + w = -0*t - 85. List the prime factors of t.
2, 5
Let p be 0 + 1*(-14)/(-2). Let y = p + -4. List the prime factors of y.
3
Let q be (-36)/(-42)*7*2. List the prime factors of q + 3*3/9.
13
Let l(n) be the second derivative of -n**4/12 + 4*n**3/3 - n**2 - 4*n. Let g be l(7). Let a(i) = i + 1. What are the prime factors of a(g)?
2, 3
Suppose -4*b - b + 15 = 0. Let t = 2 - -4. Let j = t - b. What are the prime factors of j?
3
Let a(t) = t**3 + 17*t**2 + 11*t - 2. What are the prime factors of a(-16)?
2, 3, 13
Suppose -2 = -3*c + 4. Let v(l) = -l**3 + 3*l**2 - l. What are the prime factors of v(c)?
2
Suppose -n - 3 = -c, -4*n - 4 = -3*c + 3. Let f(g) be the first derivative of g**2/2 - 3*g - 51. List the prime factors of f(c).
2
Suppose -4*w + 2*t - 4 = -2*w, t + 2 = 3*w. Suppose w*z + 2*z - 11 = -5*q, -5*z - 3*q + 4 = 0. List the prime factors of (-14)/4*(z + -1).
7
Let y(k) = -k**3 + 7*k**2 - k + 2. Let z be y(7). Let l(t) = t**3 + 5*t**2 + 4. List the prime factors of l(z).
2
Let a(i) = -i**3 + 4*i**2 + 3. Let r be a(4). Suppose -4*y + 3*j + j = -52, r*y = -5*j + 55. List the prime factors of y.
3, 5
Let x(n) = n**2 - 2*n + 191. What are the prime factors of x(0)?
191
Let u(a) be the second derivative of -a**4/12 + 2*a**2 + a. Let n be u(3). Let f = n - -14. What are the prime factors of f?
3
List the prime factors of (-2)/(-8) + (-1533)/(-28).
5, 11
Suppose 0 = -3*n - d + 110, 4*n - 3*d = n + 126. List the prime factors of n.
2, 19
Suppose -m = 5*j - 54, -34 = -5*j - m + 5*m. Let z = -9 + j. What are the prime factors of 30/18*(11 + z)?
2, 5
Let w(g) = g**3 + 5*g**2 - 3*g - 6. Let i be w(-5). Suppose 0*x - i = -x. Suppose 2*c = -5*p + 34, -x = -2*p + 3*c - 3. List the prime factors of p.
2, 3
Suppose -156 = 4*d - 0*d. Let l = -15 - d. What are the prime factors of l?
2, 3
Let h(d) = d**2 - 1 - 2*d + 5 + 6*d. Let t be h(-4). Suppose 0 = t*m - 3*m - 10. What are the prime factors of m?
2, 5
Let j = 7 + -1. Suppose 25 - j = v. What are the prime factors of v?
19
Let w(v) = v + 3. Let n be w(-7). Let r be (n/10)/(2/30). What are the prime factors of r/(-4) + (-56)/(-16)?
5
Let m be (16/20)/((-2)/5). Let f(z) = -7*z + 1. List the prime factors of f(m).
3, 5
Suppose x - 9 = 4*r, -r = 5*x - 5*r - 29. Let z(l) = 5*l + 31. Let c be z(9). Suppose 3*o = -4*t + o + 60, -x*t = 2*o - c. List the prime factors of t.
2
Suppose 14*l - 16 = 10*l. List the prime factors of l.
2
Suppose -u + 2 = 2*r - 1, -3*u - 6 = r. What are the prime factors of r?
3
Let r be (-2)/(-9) + (-12)/54. Let o be 75/(r + 6/4). Let n = o - 33. List the prime factors of n.
17
Suppose 15 = 3*s + 3*i, 1 = s + 2*i + i. Suppose 116 = s*z - 3*z. List the prime factors of z.
29
Suppose 4 - 26 = -2*c. Suppose 0 = c*y - 6*y + 20. List the prime factors of (2/y)/((-1)/28).
2, 7
Suppose -19*i + 184 = -15*i. List the prime factors of i.
2, 23
Suppose 0*g - 3*g + 3*f + 264 = 0, 3*g - 2*f = 264. List the prime factors of g.
2, 11
List the prime factors of 79 - (-3)/(6/(-4)).
7, 11
Suppose 3*q = -q + 420. What are the prime factors of q?
3, 5, 7
List the prime factors of 10/(-15)*(-30 + 0).
2, 5
Suppose 6*b = 2*b. What are the prime factors of 1 + 28 - (b + 1)?
2, 7
Let b = -6 - -2. Let s = b - -6. What are the prime factors of 53/5 - s/(-5)?
11
Let z(o) = -9 - 3 + 12*o**2 + 3*o**3 + 3 - 4*o**3 - 10*o. Let r(t) = -t**3 + 7*t**2 - 4*t - 1. Let v be r(6). What are the prime factors of z(v)?
2
List the prime fa